on factor of n and 5?
1
Let k(h) = h - 5. Let i be k(10). Let x be (-54)/(-4) - 24/(-16). Let m = x - 10. What is the highest common divisor of i and m?
5
Let g(y) = -5*y + 14. Let k be g(9). Let m = 63 + k. What is the highest common factor of m and 48?
16
Let u(k) = 8*k + 72. Let v be u(6). What is the greatest common divisor of v and 40?
40
Let w(m) = m**3 + 13*m**2 + 11*m + 144. Let i be w(-13). Calculate the highest common divisor of 25 and i.
1
Let v be ((-1)/(-5))/(23/5865). Calculate the greatest common divisor of 18 and v.
3
Let v(d) = 5*d**3 - d**2 - 2*d - 6. Let p be v(3). Suppose -3*g + 5*r + p = -235, -5*r = 25. What is the highest common factor of g and 12?
12
Let d(c) = -4*c - 20. Let j be d(-8). What is the greatest common divisor of 54 and j?
6
Suppose 4*b - 10 = 2. Suppose 0*x - x - 2*z = 37, -b*x + 4*z = 121. Let v be (x/(-9))/((-7)/(-21)). What is the greatest common divisor of v and 13?
13
Suppose -22*n + 8*n = -406. What is the greatest common divisor of 1537 and n?
29
Suppose 0 = -17*a + 18*a - 3. Suppose 2*c - 2*w = 36, -11 - 67 = -a*c - 5*w. Calculate the greatest common factor of 21 and c.
21
Let t = 8 - 4. Suppose 0 = t*c, 5*u - 226 - 644 = -c. Let y = 2174 + -2145. Calculate the greatest common divisor of u and y.
29
Suppose 5*g = -104 + 354. Suppose 0 = 5*r + 157 + 3. Let i = g + r. Calculate the greatest common factor of i and 2.
2
Suppose -1 = i - 19. Let g(h) be the third derivative of -7*h**4/24 + h**3/2 - 2*h**2. Let j be g(-6). Calculate the greatest common divisor of j and i.
9
Let d = 412 + -322. Calculate the highest common divisor of 54 and d.
18
Let p(i) = -289*i**3 - 5*i**2 - 6*i - 2. Let x be p(-1). What is the highest common divisor of 54 and x?
18
Let j(i) = 6*i**2 + 2*i - 3. Let c be j(3). Suppose 3*b + 2*b - c = -3*o, 2*b - 18 = -o. Let g = -12 + o. Calculate the highest common divisor of 3 and g.
3
Let a be (-5 + 1 - -48) + 1. Suppose 4*n - 35 = a. Suppose 0 = -2*d + 3*d + 2*s - n, 8 = d - s. Calculate the highest common factor of 132 and d.
12
Suppose a + 20 - 135 = 0. Calculate the greatest common factor of 40 and a.
5
Let c(w) = w**3 - 5*w**2 - 3*w - 5. Suppose 6*g - 10*g = -28. Let q be c(g). What is the greatest common divisor of q and 9?
9
Let a(y) = 8*y**2 - 74*y + 378. Let n be a(5). What is the highest common divisor of n and 364?
52
Let g(o) = 16*o + 1. Let n(y) = -y**3 + 7*y**2 - 6*y + 4. Let f be n(6). Let d be g(f). What is the greatest common factor of 26 and d?
13
Let a = -13 + 17. Suppose 100 = a*s - 60. Calculate the greatest common factor of s and 20.
20
Let n be (-49)/(-3) + (36/(-6))/18. What is the greatest common divisor of 80 and n?
16
Let s(u) = -u**2 - 13*u - 10. Let p be s(-12). Suppose -5*c + p = 5*b - 18, 0 = 4*c - 4. What is the highest common divisor of b and 3?
3
Let q = 151 + -137. Suppose 54 = q*w - 12*w. Calculate the greatest common divisor of 3 and w.
3
Let p be (2/6)/(7/21). Let s = -6 + p. Let o(r) = 4*r**2 - 10. Let i be o(s). Calculate the highest common factor of 10 and i.
10
Suppose -2*h + 1245 = 3*h. Suppose -4*n - 101 = -h. Suppose 7*k = 96 + n. Calculate the greatest common divisor of k and 76.
19
Let m = -248 + 300. What is the highest common divisor of m and 39?
13
Let d(s) = -s**2 - 11*s + 4. Let c be d(-9). Let b be (168 - 0)/2*1. Let v = b + -18. What is the greatest common divisor of v and c?
22
Let s(r) = -3*r + 15. Let p be s(5). Let c = p + 25. Calculate the greatest common factor of 10 and c.
5
Let j be ((-10)/(-7))/((-24)/(-4368)). What is the greatest common factor of 20 and j?
20
Let w(p) = p**2 + 38*p + 64. Let o be w(-37). What is the greatest common divisor of 27 and o?
27
Suppose 0 = -4*j - j + 85. Let f = 41 - j. Calculate the greatest common factor of f and 36.
12
Suppose q + 3 = 0, 5*b = q + 1962 + 36. Calculate the highest common divisor of 14 and b.
7
Let q = -186 - -216. Calculate the greatest common factor of q and 18.
6
Suppose -15 = -2*a + 5*o + 9, 3*a + 3*o = 36. Suppose -v = a - 14. Calculate the greatest common divisor of 3 and v.
1
Let s(q) = -17*q + 5. Let h be s(1). Let a be (4 - (-27)/h)*(-12)/(-1). Calculate the highest common divisor of 42 and a.
21
Let x be 16/(-232) + (-66132)/(-174). What is the greatest common factor of 100 and x?
20
Suppose -5*m + 20 = 0, 0*p + 4*p = 3*m + 108. Calculate the highest common factor of 70 and p.
10
Let n be (-3 - (-34)/10)/(6/330). What is the greatest common factor of 1199 and n?
11
Suppose -25*k - 3780 = -53*k. What is the greatest common factor of 10 and k?
5
Let o(s) = 3*s - 18. Let w be o(7). Suppose -w*u + 438 = 4*f - u, -2*f = 2*u - 222. Calculate the highest common factor of f and 12.
12
Let p(i) = -i + 11. Let l be p(0). Suppose -l - 1 = -3*j. Suppose m = 3*k - m + 5, 3*m = 2*k + 10. Calculate the greatest common divisor of j and k.
1
Let h be (0 - (-322)/21)*3 + -7. Calculate the highest common divisor of 52 and h.
13
Let j(u) = -4*u - 3. Let c be j(-3). Let n(l) = l**2 - 9*l + 3. Let z be n(c). Let i = z + 5. Calculate the highest common factor of i and 72.
8
Suppose 4*g + 3*i - 943 = 0, -g + 318 = -2*i + 85. What is the highest common divisor of g and 10?
5
Let b = 0 - -1. Let w(h) = h**3 + 19*h**2 + 43*h + 33. Let t be w(-17). Let x be ((-16)/40)/(b/t). Calculate the greatest common divisor of 6 and x.
6
Let q = 21 + 1. Suppose 16*h = 4*i + 172, 0 = -24*h + 23*h + 3*i + 8. Calculate the highest common factor of q and h.
11
Let u = 12 - -6. Let c = 392 - 142. Let m = 376 - c. Calculate the highest common divisor of u and m.
18
Suppose 4*i - 48 + 0 = 0. Let s = i + -5. Calculate the highest common factor of 28 and s.
7
Suppose 4*v - 4*y - 855 = 345, 4*v + 4*y = 1232. What is the highest common factor of 19 and v?
19
Let l(p) = 7*p**2 + 94*p - 15. Let t be l(-15). Calculate the highest common factor of t and 18.
6
Let y = -7 + 15. Suppose y*s - 9*s + 1 = 0. Let h be 9 - 5/((-15)/(-6)). What is the highest common divisor of s and h?
1
Suppose -22*f = 105 - 1601. What is the highest common divisor of 17 and f?
17
Let h = -4 + 8. Suppose 52 = x - 3*i - i, -4*i = -h*x + 172. What is the greatest common divisor of x and 5?
5
Suppose -s = 4*a - 23, 4*a - 3*a = s + 7. Let u be (-4)/a - (-319)/33. Suppose -79 = -l + u. What is the greatest common factor of 11 and l?
11
Let i be ((-15)/6)/(2/(-16)). Suppose -5*c - g = -232 + 28, -2*g = -8. What is the highest common factor of i and c?
20
Let i be (3 - (3 - 1))/1. Let r be i/((-63)/33 - -2). Calculate the greatest common factor of r and 1.
1
Let a be 100 + (-2 - 0) + 1. Suppose 2*w + w - 33 = 0. Calculate the highest common divisor of a and w.
11
Let h(r) = r - 3. Let a be h(7). Suppose a*g - 2*d - 22 = 0, 4*d - 4 = 2*g - 0. Suppose 5 = 3*i - 55. What is the greatest common factor of g and i?
4
Let p(l) = -64*l - 1. Let w be p(-1). Let c be (13 + 2)*(435/(-9))/5. Let z = c + 152. What is the highest common divisor of w and z?
7
Let l(c) = 4*c - 2. Let z be l(3). Let s = z + -2. Let d be (30/20)/((18/352)/3). What is the greatest common divisor of s and d?
8
Let b be (-135)/20 + 7 + (-11)/(-4). Calculate the greatest common factor of b and 12.
3
Let n(w) = 3*w**3 - 26*w**2 - 7*w + 11. Let k be n(9). What is the highest common divisor of 203 and k?
29
Suppose 38 = 3*m + y + 3*y, 5*y = -5*m + 60. What is the greatest common divisor of 15 and m?
5
Suppose 0 = -4*o - 12*o + 672. Calculate the highest common factor of o and 14.
14
Let k(o) = 1 - 1 + 1. Let a(b) = -3*b**2 - 1. Let z(i) = -a(i) + 2*k(i). Let q be z(3). Calculate the greatest common factor of q and 20.
10
Let o(l) = -l**3 + 13*l**2 - 3*l - 7. Let b be o(9). Calculate the greatest common factor of 58 and b.
58
Suppose 2*k - 45 = 3*k. Let v = k - -133. Let w be -2*-6*(-4)/(-6). Calculate the greatest common divisor of v and w.
8
Suppose -13*c + 378 = -4*c. What is the highest common divisor of 189 and c?
21
Let z(j) = -2*j + 4. Let i be z(-6). Let b = -2270 - -2272. Calculate the greatest common divisor of b and i.
2
Let h = 3 - 0. Let r = -16 + 9. Let n(v) = -v**3 - 5*v**2 + 8*v - 9. Let j be n(r). Calculate the greatest common divisor of h and j.
3
Let k(n) = n**2 - 2*n - 1. Let r(y) = -7*y**2 + 5*y + 2. Let o(x) = -15*k(x) - 5*r(x). Let j be o(-2). Calculate the highest